2 + -2 + 28 - (8 - -22)?
-16
Calculate -3 - (-17 - -30) - -44.
28
Calculate (13 - (29 - 5)) + 3.
-8
What is the value of 10 + (-5 + 6 - 1 - 5) + 4?
9
What is 20 - ((0 - (12 - 3)) + 10)?
19
What is (5 - -17 - 16) + -16?
-10
What is the value of 3 + 12 - 6 - (15 + -6)?
0
Calculate -11 - (-3 - ((9 - 14) + -6)).
-19
-25 + (-3 - -20) + 1 + -28
-35
Calculate -7 - (-16 + (-3 - 3 - -1)).
14
Calculate -3 + -28 + 10 + 12.
-9
What is the value of -1 + (-7 - (-15 - -9))?
-2
What is the value of -7 + -3 + 10 + (3 - 5)?
-2
What is the value of -4 + -9 + (-4 - -7) + 8?
-2
2 - 0 - ((-4 - -10) + (2 - -7))
-13
What is 16 + (-40 + -4 - -29)?
1
Evaluate 0 - (8 - 31 - (-1 - (6 - 0))).
16
What is the value of 2 - 1 - (10 - (26 + -4))?
13
What is the value of -34 - (45 + -45 - 24)?
-10
What is the value of -18 - (-58 - -54 - (0 - -2))?
-12
What is -217 + 241 - (42 - 3)?
-15
Calculate 21 + -2 - (-597 + 590).
26
Calculate -4 + -19 + 26 + 3 + -8 + 22.
20
What is the value of (-16 + 26 - 1) + 27?
36
What is the value of 11 - (7 - -5) - -9?
8
Calculate 7 + (14 - (50 - 13)) - -40.
24
Evaluate (-1 + 1 - 24) + 1442 + -1431.
-13
Calculate 4 - (14 + (-17 - 1)).
8
What is the value of 10 + -11 + (-2 - -4) + -4 + 2?
-1
What is 6 + (11 + -7 - 5)?
5
(-11 - -4 - (-2 + 1)) + (410 - 408)
-4
What is the value of -43 - -2 - (-432 + 411)?
-20
What is -13 - -25 - (-12 + (5 - -3))?
16
What is the value of -3 + -26 + 14 + 3 + -13 + -2?
-27
-13 - (-13 + 5) - 8
-13
0 - 8 - (1 + (-14 - -14 - -7))
-16
Calculate (15 + -6 - -9) + -13.
5
1 + 2 + (-20 - (-14 + 22))
-25
Evaluate (3712 - 3698) + (-1 - (-1 - 9)).
23
5 + (5 + -12 - -4) + (-7 - -12)
7
What is the value of (14 + -19 - -1) + (-1 - 7)?
-12
(-7 + 1 + 7 - 7) + -4 + -14
-24
What is the value of 18 - (-7 + 37) - 1?
-13
Evaluate 0 + 12 + 41 + (-6 - 45).
2
Evaluate 5 + -2 + -16 + (2 - -5).
-6
What is the value of -3 - 6 - 28 - 8 - -16?
-29
-4 + -4 - -8 - (4 + 1 - 10)
5
What is the value of (-2 - -5 - -11) + (6 - 5)?
15
Calculate -4155 + 4164 + (-1 - -6) + -1.
13
Evaluate 0 + -2 + -1 + (4 - 7) + 4.
-2
Evaluate 6 + (3 - 14 - 0) + 4 + 25.
24
What is the value of -12 + 24 + (-19 - 22)?
-29
Calculate -3 - (7 + -15) - ((4 - 2) + 0).
3
What is -9 - ((-16 - 23) + (-2 - -10))?
22
What is 8 - (-9 - -15) - -20 - (-3 - -15)?
10
Evaluate 0 + 13 + -52 - -21.
-18
What is 3 + -11 - (-23 - 0) - (-9 - -13)?
11
Calculate (-5 - ((11 - 21) + 18)) + 1.
-12
(-5 - -1 - 2) + 0 + 5
-1
-7 - (-8 - (3 + -4)) - -7
7
Calculate (0 - (28 + -14) - -34) + -1.
19
3 - ((11 - 17) + 20)
-11
Calculate 10 + -5 + (8 - (5 - (-3 + 1))).
6
Evaluate 21 - (14 + -3) - 26.
-16
What is (15 - -5) + (-3 - 3) - 1?
13
Calculate -18 + (-3 - (-11 + -10)).
0
What is (-4 - (-2 - -4) - -6) + -5 + 10?
5
What is the value of (-8 - -4 - 0) + -8 + 6 + 8?
2
What is the value of 12 - (-6 - -9) - 15?
-6
(8 - -1) + (50 - 64) - -3
-2
What is -27 + -18 + (52 - 19)?
-12
What is 22 + 2 + (-15 - -15) + 2?
26
-26 - ((-19 + 9 - 5 - -10) + -6)
-15
What is the value of 4 - (4 + (3 - 11 - -9))?
-1
Calculate -9 - (8 + -3) - (2 + -14 - -11).
-13
Calculate 574 + -604 + 6 + 0.
-24
What is 2 - (3 + (0 - 11) + 34)?
-24
What is the value of (-4 - 4) + 8 + (-2 - 5)?
-7
What is the value of -23 + 30 - (-4 - -7) - -14?
18
What is -35 + 9 + -10 + 21 - (-4 + -1)?
-10
Calculate 8 - ((-7 + -2 - -26) + -16).
7
What is 4 + -3 + -4 + 13 + -24 + 9?
-5
Evaluate -25 + (10 - 8) - -46.
23
14 - (2 - (10 - 10))
12
What is the value of -169 + 180 + (21 - (2 - -2))?
28
Evaluate 2 + -8 + 24 + 3 + -30.
-9
Evaluate -19 + 1 - -25 - 14.
-7
Evaluate 3 - -13 - 16 - 12.
-12
What is the value of 18 + -4 - (13 + -4)?
5
Calculate 0 + -32 - (78 - 91) - -19.
0
26 + 4 + -14 + -4
12
Evaluate -2 + 5 - (0 + -14) - (-48 + 52).
13
Calculate -3 - -9 - (4 + 3 + 1 + -9).
7
What is the value of -8 - -3 - (-34 - -36)?
-7
What is the value of -2 - 4 - (-38 - -8 - -10 - -8)?
6
What is -3 - (-11 - -15) - (12 - 4)?
-15
8 + -27 + -21 + 40
0
What is -21 + (9 - -2) + -10?
-20
Evaluate 18 - (-14 + 41 - (25 + -12)).
4
Evaluate (-10 - 1) + (1 - -13) + -13.
-10
Evaluate 0 + -22 + 607 + -598.
-13
What is -18 + -11 + -12 - (2 - 19)?
-24
What is the value of 14 - (1 + (8 + -14 - 2))?
21
(-25 - -33) + (-9 - -17) + -20
-4
Evaluate 31 + 7 + -12 - 30.
-4
What is -15 + 0 + 13 + -2 - -23?
19
(6 - 0) + (-1 - -3) + -39 + 41
10
What is the value of (16 - 1) + -4 + (-10 - -7) + 17?
25
Evaluate (6 - 2) + (34 - 29 - -1).
10
Evaluate -1751 - -1763 - (0 - -30).
-18
Evaluate -20 - -16 - (0 - -6).
-10
4 + -4 + -2 + 5
3
Calculate (1 - (-19 + -1)) + -16.
5
What is the value of (6 - 0) + (30 - 28)?
8
Calculate 72 + -60 - (0 + 19).
-7
Evaluate 6 + -24 + 4 + (1 - (2 - 5)).
-10
What is the value of 2 + (3 - 3) - (-13 + 28 - 0)?
-13
What is the value of 30 + -17 + -44 + 13?
-18
Evaluate 27 - (38 + (-16 - 15)).
20
-6 - (-17 - (-7 + 6 + -2 - -2))
10
What is the value of -7 + 7 - (3 + 1 + -7)?
3
Calculate (-14 - 2) + (-7 + -1 - (4 - 17)).
-11
Evaluate -44 - (29 + -30) - -37.
-6
What is 2422 + -2418 + (2 - 9) + 2?
-1
What is -1 + 0 + (-23 + 7 - 2 - -5)?
-14
Evaluate (15 - 8) + 8 + (-10 - 0) + -27.
-22
What is -1 + 3 + -10 + 3 + 0 - -4?
-1
What is the value of -3 + -4 - ((-31 - -20) + 6)?
-2
What is (9 - 8) + -5 - (5 + 2)?
-11
What is 40 + (41 - 121) + 4?
-36
What is 5 - -2 - (18 - -12 - 46)?
23
Evaluate -2 + 2 + 2 + 10 + -7 + 5.
10
-3 + -7 + 7 + (10 - 16) + 2
-7
What is the value of 19 + 0 + (-10 - 6)?
3
Evaluate (15 - (-9 + 19) - (1 - -8)) + 18.
14
What is -24 - (-31 - 0 - 1)?
8
Calculate -2 + 10 + -2 - (-5 + 2 + 0).
9
Calculate 3 - (-21 + 16 + (16 - 32)).
24
What is the value of -18 + (24 - -30) + -32?
4
Evaluate (45 - 47) + -43 - -76.
31
What is (-3 - (-2 + 8)) + -2 + -1?
-12
Evaluate -24 - (-15 + -4 + 1).
-6
What is the value of (-8 - -1) + 13 + (-13 - -4) + -6?
-9
What is the value of 332 + -311 - (1 - -30)?
-10
What is the value of 19 + 19 + -78 + 15 + -2?
-27
What is -16 + ((-4 - -6) + -1 - -6 - 4)?
-13
What is 30 + -66 + 66 + (-1 - (4 - -1))?
24
Calculate (3 - -35) + -48 - -16.
6
Evaluate (8 - (0 - 4)) + -10 - 8.
-6
Evaluate -45 + -12 + 78 + -4.
17
Calculate -4 - ((-7 - -7) + 3 - -9).
-16
Evaluate 36 + -38 + 21 + 4 + -55.
-32
Evaluate -19 + (-35 - -48) + (2 - (5 - -5)).
-14
Calculate (3 - -3 - 4) + -11 + 5 - 6.
-10
Calculate (8 - 10) + (-1 - -1) + -6 - 4.
-12
-6 + (-1 - (8 - 3) - (10 - 12))
-10
6 + 4 + 3 + -11 - -1
3
What is the value of (2 - 0) + (137 - 144)?
-5
5 + (11 - 15) + 23 + -57
-33
What is the value of -8 + (5 - -11) - 10?
-2
Calculate 2 - (14 - 9) - 15.
-18
What is the value of 2 + 7 + 12 + -15 - 10?
-4
What is the value of -19 - -1 - (-13 - (-38 - -45))?
2
Evaluate -18 + (-13 - -52 - 21).
0
Evaluate -25 + 35 + (-35 - -14).
-11
-4 - (17 + -34 + 19)
-6
Calculate -14 - (-5 + 1) - -1 - (6 + -34).
19
What is 2 + 6 - ((-1 - -2) + -5 + 1)?
11
What is (-7 + -3 - (-1 + -10)) + 5?
6
What is the value of 19 + (-17 - (10 + -11))?
3
What is the value of (-250 - -283) + (-2 - 16)?
15
What is 4 + 1 + (-3 - (45 + -35))?
-8
What is the value of 10 + 18 + 5 + 17 + -19?
31
22 + 8 + -17 + (-29 - -21)
5
(2 - -8) + (1 - (-1 - (-8 - -5)))
9
Evaluate (-18 - -8 - -18) + -8 + 3.
3
What is 1 + 5 + 2 - ((11 - -10) + -18)?
5
What is the value of 74 + -62 - (-1 - -21)?
-8
What is the value of -199 + 194 - (2 - (-2 + -4))?
-13
What is the value of -49 + 43 - (1 + -6)?
-1
Calculate -1 + -4 + (-41 - -93 - (24 + -3)).
26
What is the value of -1 + (3 - 2) + -16 + 0 + 5?
-11
Evaluate -7 - (13 - (-7 + 49)) - 5.
17
Evaluate -17 - -11 - -20 - 29.
-15
What is 7 + (25 - (52 + -21))?
1
Evaluate 61 + -65 + -2 + 0 - (-3 - 2).
-1
What is -10 - -1 - (13 - 12)?
-10
Evaluate -25 - -22 - (-21 - 3).
21
What is (1 - (4 - 9 - -1)) + 0?
5
Evaluate 0 + 5 + -5 - (7 - (-18 - 9)).
-34
Evaluate -4 - (-8 - (8 + -26)).
-14
Evaluate (13 - (-9 - (-6 + -11))) + -24.
-19
Evaluate (1 - -1) + (-8 - -12 - -15) + -5.
16
What is the value of -18 + -4 + 38 + -13?
3
-16 + (2 - (3 + -10 + 3))
-10
What is 27 + (8 - -7) - 21?
21
-18 + (10 - (9 - (7 - 8)) - -6)
-12
What is -6 + (3 + -5 - 2) + 10 + -12?
-12
Evaluate 32 - (13 - 2) - 10.
11
Evaluate 0 - 1 - (-183 - -177).
5
Evaluate -15 - -43 - (0 + 7).
21
What is -9 - (-4 + -6 + 6)?
-5
What is (7 - 7) + 23 - (26 - 16)?
13
Calculate (-17 - -2 - -5) + -6 + 3.
-13
(9 - 25) + 3 + -2 + -3
-18
5 - (-63 - -34 - -10)